se 0 = -4*i - 4*l + c, 2*i + 4*l = -3*i + 41. What is the highest common divisor of 63 and i?
9
Suppose -3*k = -2*a - 142, 7*a - 84 = -2*k + 3*a. What is the greatest common divisor of 2 and k?
2
Let q(v) = v**3 - 12*v**2 + 11*v + 5. Let d be q(11). Suppose -a = -2*t + 371, -5*t + d*a = a - 923. Calculate the highest common divisor of t and 17.
17
Let g = 9 - 4. Let p(m) = 4*m**2 - 3*m - 4. Let y be p(g). Let o be ((84/5)/7)/((-57)/(-45) - 1). What is the highest common divisor of o and y?
9
Let d(h) = -h**3 + 28*h**2 - 27*h + 13. Let r be d(27). Suppose -j + 208 = 3*j. What is the greatest common factor of r and j?
13
Suppose 5*p = 2*p - 4*u - 14, -3*p + 2 = -4*u. Let z be 4 - (p - -10) - -8. Let m be z/(-1) + 13 + 3. Calculate the greatest common factor of m and 18.
6
Let c be (-380)/15*6/(-4). Let h = c - 28. Calculate the greatest common divisor of h and 70.
10
Suppose -13 = -2*v + 19. Let o = v - 2. Calculate the greatest common factor of 2 and o.
2
Suppose -3 = -4*l - i - 0*i, 3*l + 4*i + 14 = 0. Let j be 0 + (-7)/((-14)/4). Calculate the greatest common factor of j and l.
2
Let p(d) = 7*d - 21. Let u be p(9). Suppose -2*n = -5*n + u. Calculate the greatest common factor of n and 154.
14
Let d(t) = 3*t - 1. Let z be d(-1). Let c(p) = 4*p**2 + 15*p + 1. Let l be c(z). What is the greatest common divisor of 1 and l?
1
Suppose 31*u - 6*u - 3675 = 0. Calculate the greatest common divisor of 105 and u.
21
Suppose 9*c = 335 + 565. Let w = -45 + c. Calculate the greatest common factor of 22 and w.
11
Let z(f) = 7*f + 228. Let p be z(-15). Calculate the greatest common divisor of 451 and p.
41
Let u = -12 + 33. Let r = 267 + -76. Let w be 1/((-2)/4) + r. Calculate the greatest common factor of u and w.
21
Let d = 4 - 7. Let u = 6 + d. Calculate the greatest common divisor of u and 24.
3
Suppose -5*u - 38 = -13. Let j be 4 + u + (-44)/(-2). Let g be (3 - 6/(-24)) + (-3)/12. What is the greatest common factor of g and j?
3
Let v be 106/(-5) - 3/(-15). Let d be 2/(-4 - 90/v). Calculate the greatest common factor of d and 28.
7
Let v(f) = 25*f**2 - 2*f + 3. Let x be v(2). Let s = -2230 - -2239. Calculate the greatest common factor of s and x.
9
Let l be (39/2)/((-17)/(-714)). What is the highest common factor of 126 and l?
63
Suppose 6*j + 5*a - 1 = 2*j, 5*j - a - 23 = 0. Let p = -44 - -54. What is the greatest common divisor of p and j?
2
Let h be 6/(-9) + (-165)/9. Let k = 5 - h. What is the greatest common factor of 36 and k?
12
Suppose 132 = 11*u - 154. Let q(b) = 7*b**2 - 7*b - 2. Suppose -3*p = -0 - 18. Let r be q(p). What is the greatest common divisor of u and r?
26
Let o = -835 + 1012. What is the highest common divisor of 118 and o?
59
Let u = -602 + 818. Calculate the highest common factor of 8 and u.
8
Let s = -29 - -35. Suppose 8*k - s*k - 68 = 0. Suppose 34 = 3*d - d. Calculate the highest common divisor of d and k.
17
Let c(q) = 2*q**2 + 4*q + 39. Let g be c(-15). Calculate the highest common divisor of 33 and g.
33
Suppose -92*m = -108*m + 384. Calculate the highest common divisor of 96 and m.
24
Suppose 3*w = -51 + 60. Suppose 0 = 4*i + w*c - 10 - 3, -4*i - 5*c + 3 = 0. Let v = -7 - -14. What is the highest common factor of v and i?
7
Let t = -22 + 36. Suppose -6*d + t + 16 = 0. Suppose 2*w - 3*n - 55 = 2*n, 95 = d*w - 4*n. What is the greatest common divisor of 5 and w?
5
Suppose 0 = 3*h + 2*h - 30. Let p = 671 - 611. Calculate the highest common factor of p and h.
6
Suppose 4*s = -q - s + 1881, 2*q - 3775 = 3*s. What is the highest common divisor of q and 46?
46
Let h = -175 + 136. Let i be (-1)/1 + (-4 - h). Calculate the highest common divisor of 272 and i.
34
Let q(k) = -k**3 + 10*k**2 - 11*k + 7. Let i be q(7). Let f = i + -17. Calculate the highest common factor of f and 40.
20
Suppose -2*h = w + 51 - 209, -396 = -5*h - 2*w. What is the highest common divisor of 10 and h?
10
Let s = -15 - -24. Suppose 5*y + 0*o + 5 = -2*o, y + 2*o + s = 0. Calculate the highest common factor of y and 2.
1
Let y(b) = 3*b**3 - 28*b**2 - 11*b - 9. Let m be y(10). Calculate the highest common factor of m and 9.
9
Let m be ((-108)/135)/((-2)/(-520)*-1). Calculate the highest common divisor of m and 13.
13
Suppose -60*v - 441 = -69*v. Let i(a) = -a**3 + 6*a**2 + a + 1. Let u be -1*(-7)/(7/6). Let q be i(u). What is the greatest common factor of v and q?
7
Let j = 23 - -2. Suppose -j = -5*y, 0 = -0*i - 2*i - 5*y + 33. Calculate the greatest common divisor of i and 12.
4
Suppose -48 + 4 = -11*q. Suppose -4*f + 882 + 218 = 5*z, -880 = -q*z - 4*f. Calculate the greatest common divisor of z and 11.
11
Suppose -2*l - 19 = -2*b - 61, l + 2*b - 12 = 0. Suppose 0 = -3*w - 146 + 416. Suppose 0*j + w = 2*j. What is the highest common divisor of l and j?
9
Let v = 985 - 970. Calculate the greatest common factor of 183 and v.
3
Suppose 2*o = 10 - 0. Let y(n) = 18*n. Let j be y(o). Let c(i) = i**2 - 9*i. Let d be c(10). What is the highest common divisor of j and d?
10
Let i = 1038 - 922. Calculate the greatest common factor of i and 551.
29
Let l = 13 + 10. Suppose -52 = 5*x - 4*z, 5 + 21 = -3*x + 5*z. Let u = l + x. Calculate the greatest common factor of 22 and u.
11
Let h = 417 + 144. What is the highest common factor of h and 33?
33
Suppose -4*p - p = 4*x - 116, 5*p - 124 = 4*x. Let t be (13/((-910)/(-60)))/((-2)/(-28)). Calculate the greatest common divisor of p and t.
12
Let a be 2 - (2 - -1)/((-3)/2). Let d = 5 + a. What is the highest common divisor of d and 45?
9
Suppose -10*l + 12*l - 308 = 4*n, l - 152 = n. What is the greatest common divisor of l and 4050?
150
Let n(l) = l**3 + 4*l + 288. Let t be n(0). What is the greatest common divisor of 192 and t?
96
Let m(n) = -13*n**3 - n. Let j be m(-1). Let c = 16524 + -16517. What is the greatest common factor of c and j?
7
Suppose 297 = 8*m - 87. What is the highest common divisor of 32 and m?
16
Suppose 4*l - 12 = -2*u + 2, 2*l - 27 = 3*u. Suppose 3*f - 182 = 16. What is the greatest common divisor of l and f?
6
Let r = 1019 + -943. What is the greatest common factor of r and 19?
19
Let o = -23 - -35. Calculate the highest common factor of o and 276.
12
Let t(q) = -q**3 + 28*q**2 - 2*q + 64. Let d be t(28). Let s = 0 + d. What is the greatest common divisor of s and 56?
8
Let o(z) = z**2 + 8*z - 5. Let t be o(-10). Let r = -20 - -9. Let f = r + 17. What is the highest common factor of t and f?
3
Let k(l) = 3*l**3 - 7*l**2 - 3. Let n be k(3). Let c be 9/(2 + 58/(-30)). What is the highest common divisor of n and c?
15
Suppose -a + 95 = 4*a. Let s(g) be the third derivative of 3*g**4/8 + 31*g**3/6 + 3*g**2. Let j be s(5). Calculate the highest common divisor of a and j.
19
Suppose -2*s + 20 = -3*s. Let k be (-4)/4 + s/(-2). Let h be (99/4)/((-4)/(-16)). Calculate the greatest common factor of k and h.
9
Let p = 3 - -2. Suppose -p*q + 87 = 4*d, 4*q - 17 = 5*d - 95. Suppose 5*a - o - 271 = 0, -o - 2*o + 159 = 3*a. What is the greatest common divisor of a and d?
18
Suppose 254904 = 108*y - 32*y. Calculate the greatest common factor of y and 129.
129
Let b = -15 - -55. Let a be (-6 - -6)*(-2 + 1). Suppose a = 2*u - 34 + 14. What is the greatest common factor of u and b?
10
Suppose a = -0 + 16. Let c(r) = 23*r**3 + 2*r**2 - 2*r + 1. Let l be c(1). Calculate the greatest common divisor of l and a.
8
Suppose 3*u = -15, -3*u - u = -4*o + 140. Let h be (16/20)/((-3)/(300/(-8))). Calculate the greatest common divisor of h and o.
10
Let d be (0 - 2)/((-1)/15). Suppose -1 = 2*c + 5*w, 2*c + 1 - 30 = w. Let o be (-3)/c + 484/16. Calculate the greatest common divisor of o and d.
30
Suppose -5*f - 4 = -2*u - 9*f, 5*f - 10 = -3*u. Calculate the highest common divisor of 310 and u.
10
Suppose -7*c + 117 = -450. Suppose -7*y + c = -94. What is the highest common divisor of y and 175?
25
Suppose 3*b = 4*x + 2*b + 115, 0 = x + 4*b + 50. Let t be (-474)/10 - 4/(-10). Let a = x - t. Calculate the greatest common divisor of a and 85.
17
Let t(a) = a**3 - a**2 + 3. Let l be t(0). Suppose 74 = 3*i + 4*m, -l*m = -4*i - 2*m + 86. Let n = 10 + 45. Calculate the greatest common divisor of i and n.
11
Let d = -11 + 12. Suppose -4*z - d + 13 = 0. Suppose -v + 21 + z = 0. What is the highest common factor of 216 and v?
24
Suppose -2